 x(i) = 11*i - 16*i - 13*i - 1. Is 10 a factor of x(-1)?
False
Let d = -4 - 0. Let j = d + 8. Suppose -5*y + j*b + 206 = 0, 2*b + 2*b = -16. Does 16 divide y?
False
Let z(r) = r**2 + 15*r + 7. Let j be z(-14). Let x = 10 - j. Does 6 divide x?
False
Suppose 3*p = -2*p + 10. Is (-3)/p*14*-1 a multiple of 18?
False
Suppose -p = 2*d - 14, 0*d = -2*d - 2*p + 14. Let s be (d/(-14))/((-2)/64). Let f = 23 - s. Is f a multiple of 6?
False
Let w be 27/(-18) + 9/2. Suppose -65 = -3*x + 4*j, -4*j + 40 = 7*x - w*x. Is 9 a factor of x?
False
Let y be (42/(-2))/((-2)/4). Let t = -30 + y. Does 6 divide t?
True
Let z(l) = l**3 - 4*l**2 + 4*l. Let f be z(3). Suppose 8 = f*q + 2*o - 16, -o = -q + 13. Is q a multiple of 5?
True
Let i(a) = 5*a**2 + 6*a - 6. Does 14 divide i(4)?
True
Is (-1 - 1)/(2/(-73)) a multiple of 15?
False
Let q(i) = -62*i**2 + i - 1. Let c be q(3). Is 16 a factor of c/(-9) - (-4)/18?
False
Suppose 3*q = 2*i - 1, 0 = 4*q - 3 - 1. Suppose -3*n = i*n - 20. Suppose -4 = -v + n. Does 4 divide v?
True
Is 12 a factor of 1232/33 + (-1)/3?
False
Suppose -69 = -2*w + 3*c, -3*c - 2*c = -2*w + 79. Does 9 divide w?
True
Let a(s) = s. Let j(k) = 22*k**2 - 4*k. Let z(b) = 5*a(b) + j(b). Suppose 4*g + 5*y + 1 = 0, -4*y - 7 = -3. Is 8 a factor of z(g)?
False
Suppose 82 = 2*r - 36. Is 12 a factor of r?
False
Suppose 0 = -9*r - 5 + 86. Is r a multiple of 5?
False
Let q(n) = -3*n**2 + 0*n**3 + 0*n**3 - 4*n**3. Suppose 0 = 6*d + 12 - 0. Does 17 divide q(d)?
False
Suppose -14*y + 19*y = 0. Let q = 2 - -2. Suppose y = -q*w + 12, 5*b + 3*w - 3 - 31 = 0. Is 3 a factor of b?
False
Suppose 0 = 3*i + 1 - 10, 3*i + 131 = h. Does 35 divide h?
True
Suppose -2*o - 3*k - 2 = 0, 3*o - 4*k = o - 16. Let c(b) = b**3 + 5*b**2 + 3*b + 2. Does 5 divide c(o)?
False
Suppose 2*f = 2*j + 96 + 32, -5*f + 296 = j. Does 4 divide f?
True
Suppose -5*m + 4*j = 12, 3*j - 9 = -0*m + 3*m. Let k = m - 30. Let s = 54 + k. Is s a multiple of 19?
False
Let b(u) = u**3 + 0 + 2*u + 7*u**2 + 0. Let v be b(-6). Suppose 4*g - 2*m - v = 2*m, 0 = 2*m - 4. Is 7 a factor of g?
False
Let f = 5 - 5. Does 9 divide (-3)/3*-18 + f?
True
Let f be ((-6)/(-2))/3 + 2. Suppose w + 2*l - 27 = 0, w - f*l - 44 - 8 = 0. Does 14 divide w?
False
Let z = -10 + 10. Suppose z = -4*p - 3*h + 106 + 27, -2*h - 158 = -4*p. Is 16 a factor of p?
False
Let m(y) be the first derivative of -y**3/3 + 5*y**2/2 + 7*y - 1. Suppose -3 - 1 = -o, 0 = 3*v + 3*o - 27. Is 7 a factor of m(v)?
True
Let l(k) = 3*k**2 + k. Let v be l(1). Let r be (v/10)/((-4)/(-10)). Suppose p = -5*a - 18, -2*p + a = 4*a + r. Does 7 divide p?
True
Suppose 98 = -4*i - 222. Let g be 1/((-1)/(19*3)). Let h = g - i. Is h a multiple of 20?
False
Let u(o) be the second derivative of o**3/6 - o**2/2 - 3*o. Let j be u(1). Suppose -z - z + 26 = j. Is 6 a factor of z?
False
Suppose -3*h + 160 = -38. Suppose 0*v - 3*v + h = 0. Is v a multiple of 22?
True
Let s = -1 + 5. Suppose -s*q + 70 + 52 = -5*d, 4*q - 116 = 2*d. Let r = q - 4. Is r a multiple of 10?
False
Let q(w) = -13*w**3 + w**2 - 1. Let j be q(1). Let l = j - -18. Suppose l + 1 = i. Is i a multiple of 6?
True
Let r(x) = -4*x**3 - 2*x**2 + 3*x - 4. Does 17 divide r(-3)?
False
Let v(q) = -5*q + q - q - 1. Is 2 a factor of v(-1)?
True
Suppose 13*u - 310 = 11*u. Is 26 a factor of u?
False
Let y = 8 - 7. Let m be (y - -7) + 2 + -1. Is (m/(-6))/(2/(-24)) a multiple of 18?
True
Let j(c) = -4*c**3 + c**2 - 3*c - 3. Let k(u) = -u**3 + 6*u**2 - 5*u - 2. Let n be k(5). Is 13 a factor of j(n)?
True
Let i(c) be the second derivative of -7/6*c**3 + c + 0 + 3*c**2 + 1/6*c**4. Does 10 divide i(4)?
True
Let z(h) = -h**3 + 7*h**2 - 3*h - 6. Is 14 a factor of z(5)?
False
Suppose 4*y = -3*x - 38, 2*y = 3*y - 3*x + 17. Let t(i) = -2*i - 13. Does 3 divide t(y)?
True
Let j(h) = 4*h**2 - 1. Let c be j(-1). Let l(q) = 4*q**3 - 5*q**2 + 3*q + 1. Does 24 divide l(c)?
False
Suppose m + 2*m - 171 = -2*d, -4*m = d - 228. Let j(f) = 5*f - 3. Let i be j(-4). Let y = m + i. Is 17 a factor of y?
True
Let f be ((-9)/4)/(-9)*8. Suppose -4*q - 146 = -2*v, -v - f*q = -67 - 10. Does 25 divide v?
True
Suppose -380 = -2*u - 5*i, i - 556 = -3*u - 3*i. Does 30 divide u?
True
Let t be (-2)/6 - 62/(-6). Suppose i = -h + 4, -i - t = -3*h - 2. Suppose 3*w = 2*r - 86, h*w - w + 4 = 0. Does 14 divide r?
False
Let m(i) = 2*i**2 - 5*i + 3. Let d(v) = v**2 - 11*v - 7. Let y be d(12). Does 14 divide m(y)?
True
Suppose -2*b + 5 = -7. Suppose -b*h + 120 = -2*h. Is 16 a factor of h?
False
Suppose -21*c + 27*c - 528 = 0. Is 22 a factor of c?
True
Let m(p) = -p**3 + 7*p**2 + p - 9. Suppose 6*o - 3*o = 21. Let r be m(o). Is (-49 + 4 + r)/(-1) a multiple of 19?
False
Let r = -97 - -68. Let h = -9 - r. Is h a multiple of 10?
True
Let y = 50 + 9. Is 14 a factor of y?
False
Suppose 65 = 3*d - 5*g + 10, 21 = d - 3*g. Suppose d = 4*o - 37. Is o a multiple of 10?
False
Suppose 121 = 4*d - 55. Suppose 2*h - 11 = -3*n, 2*n = 4*h - 9*h + d. Does 2 divide h*(-3)/(-6) - 2?
False
Suppose -u - 4*u + 21 = y, 0 = -3*y + u + 15. Suppose y*i - 975 = i. Suppose 4*w = -43 + i. Does 19 divide w?
True
Let f(k) = -7*k - 31. Is 4 a factor of f(-9)?
True
Let c(v) = -v**2 + 4*v - 4. Let w be c(5). Let r = -16 + 24. Let o = r - w. Is 9 a factor of o?
False
Let v = 12 + -24. Let w be 2/(-6) - (-598)/(-6). Is 10 a factor of v/10*w/6?
True
Let k be 4/(-14) + (-115)/(-35). Suppose k*u + 2*u = 150. Is 10 a factor of u?
True
Suppose -1872 = -10*t - 302. Is 9 a factor of t?
False
Is (-2)/((-6)/99) - 0 a multiple of 10?
False
Let b = -6 + 4. Let x be (1 + b + 0)*-2. Suppose -a + 57 = x*a. Is a a multiple of 9?
False
Let x = -4 - -196. Is x a multiple of 8?
True
Let w(i) = -i**3 + 3*i**2 + 4*i + 6. Suppose -m + 8 = -3*m. Is w(m) a multiple of 17?
True
Let k = 7 + -4. Suppose 0 = -4*z + 5*v + 102, 3*z - 88 = -0*z - 2*v. Suppose -z + 7 = -k*y. Is 4 a factor of y?
False
Let r = -71 + 31. Let p be (-2*5)/((-5)/r). Is (8/10)/((-2)/p) a multiple of 16?
True
Let t = -6 - -10. Suppose -t*w + 2*k + 32 = 0, -2*k = -4*w - 3*k + 20. Is w a multiple of 4?
False
Let y = 18 + 105. Is 11 a factor of y?
False
Does 21 divide (5 - (2 + 3)) + (313 - 0)?
False
Let v(p) = 16*p**2 + 1. Let w be v(-1). Suppose 0 = -5*b + 63 + w. Is 7 a factor of b?
False
Let c(r) = 30*r**3 - r**2 + r - 1. Let s be (6/4)/((-6)/(-4)). Is c(s) a multiple of 29?
True
Let z(b) = -b**3 + b**2 - 3*b - 1. Is z(-3) a multiple of 11?
True
Suppose -2 - 44 = -s. Is s a multiple of 31?
False
Let y(m) = m**3 + 5*m**2 - 3*m + 3. Does 17 divide y(-4)?
False
Suppose i + 35 = -5*w - 4*i, -i = 2*w + 13. Let u(o) = o**3 + 5*o**2 - 8*o. Is u(w) a multiple of 12?
True
Suppose -172 = -7*p + 542. Is p a multiple of 34?
True
Let f be (-28)/(-4) - (-4 - -5). Suppose -f*s = 109 - 409. Is s a multiple of 25?
True
Let d(l) = 31*l**2 + l + 3. Is d(-2) a multiple of 8?
False
Let g(n) = -n**3 - n**2 - n + 1. Let q(p) = p**3 + 3*p**2 + 2*p - 2. Let d(s) = -5*g(s) - 2*q(s). Let i be d(1). Does 3 divide (3/i)/((-2)/(-4))?
True
Let k(h) = -2*h**2 - 7*h - 5. Let a be k(-4). Let u = 12 + a. Is 3 a factor of u?
True
Suppose 1169 = 4*i - 3*x - 85, -2*i - x = -632. Is 34 a factor of i?
False
Let h(u) = 3*u - 4. Let q(j) = 16*j**2 + 1. Let n be q(1). Let w = n + -10. Is 8 a factor of h(w)?
False
Let o(g) be the second derivative of g**5/20 - g**4/12 - g**2 + 2*g. Let l be o(2). Suppose 3*m = -l*m + 60. Does 6 divide m?
True
Does 17 divide (-459)/(-18)*8/3?
True
Let z be ((-4)/8)/(1/(-8)). Suppose z*d = 2 + 26. Does 2 divide d?
False
Suppose 3*v + 304 = 4*v. Does 16 divide v?
True
Let b(v) = 8*v**3 - 2*v + 1. Let q be b(1). Suppose 0 = -4*p + z + 120, p + 3*z + 18 = 61. Suppose d - p = -q. Does 14 divide d?
False
Suppose -5*f - 16 = -z + 9, -3*f = -4*z + 151. Let d(w) = -11*w - 4. Let y be d(-3). Let v = z - y. Is v a multiple of 9?
False
Let m(t) be the first derivative of -t**3/3 + 5*t**2 - 8*t - 3. Does 5 divide m(8)?
False
Suppose -3*d - 35 = -n, -2*n + 2*d = -d - 64. Does 29 divide n?
True
Let p(o) = -18*o**3 + 2*o + 1. Let n be p(-1). Let m be (-2)/4 + 25/2. Let v = n - m. Is 5 a factor of v?
True
Does 3 divide (13 - 2) + (8 - 10)?
True
Suppose w + 2 = -w - l, -2*w + 6 = -3*l. Suppose 2*y + 4 = w, -2*p - y + 32 - 8 = 0. Is 13 a factor of p?
True
Suppose -3*y + 5*i - 48 = -5*y, 0 